{"id":78,"date":"2024-04-27T14:38:03","date_gmt":"2024-04-27T12:38:03","guid":{"rendered":"https:\/\/chambre-hote-lacleuzeraie.com\/?page_id=78"},"modified":"2025-05-17T17:40:56","modified_gmt":"2025-05-17T15:40:56","slug":"tarifs-et-contact","status":"publish","type":"page","link":"https:\/\/chambre-hote-lacleuzeraie.com\/index.php\/tarifs-et-contact\/","title":{"rendered":"Tarifs et contact"},"content":{"rendered":"\n<p>Prix des chambres d\u2019h\u00f4tes :<\/p>\n\n\n\n<p><strong>Chambre Littorine<\/strong> (possibilit\u00e9 2+3 couchages)<\/p>\n\n\n\n<ul class=\"wp-block-list\">\n<li>80 euros la nuit\u00e9e (pour un couple petit-d\u00e9jeuner compris)<\/li>\n\n\n\n<li>Un adulte suppl\u00e9mentaire : 30 euros<\/li>\n\n\n\n<li>Les enfants \u00e0 partir de 12 ans : 20 euros<\/li>\n\n\n\n<li>Les enfants en dessous de 12 ans : 15 euros<\/li>\n<\/ul>\n\n\n\n<p><strong>Chambre Porcelaine<\/strong> (double)<\/p>\n\n\n\n<ul class=\"wp-block-list\">\n<li>80 euros la nuit\u00e9e (pour un couple petit-d\u00e9jeuner compris)<\/li>\n<\/ul>\n\n\n\n<p><strong>Contact \u00e0 MOELAN SUR MER :<\/strong><br>Marie-Laurence et Michel NIVAIGNE<\/p>\n\n\n\n<p>7 impasse de la prairie<br>Kerglouanou<br>29350 Mo\u00eblan Sur Mer<br>Bretagne Sud<\/p>\n\n\n\n<p>T\u00e9l\u00e9phone : 02 98 71 09 64<br>Portable : 06 81 55 99 32<br><em>ou<\/em> 06 07 88 56 41<br>Courriel : <a href=\"https:\/\/web.archive.org\/web\/20230304210125\/mailto:lacleuzeraie@gmail.com\" target=\"_blank\" rel=\"noreferrer noopener\">lacleuzeraie@gmail.com<\/a><br>Facebook : <a href=\"https:\/\/web.archive.org\/web\/20230304210125\/http:\/\/www.facebook.com\/lacleuzeraie\" target=\"_blank\" rel=\"noreferrer noopener\">www.facebook.com\/lacleuzeraie<\/a><\/p>\n","protected":false},"excerpt":{"rendered":"<p>Prix des chambres d\u2019h\u00f4tes : Chambre Littorine (possibilit\u00e9 2+3 couchages) Chambre Porcelaine (double) Contact \u00e0 MOELAN SUR MER :Marie-Laurence et Michel NIVAIGNE 7 impasse de la prairieKerglouanou29350 Mo\u00eblan Sur MerBretagne Sud T\u00e9l\u00e9phone : 02 98 71 09 64Portable : 06 81 55 99 32ou 06 07 88 56 41Courriel : lacleuzeraie@gmail.comFacebook : www.facebook.com\/lacleuzeraie<\/p>\n","protected":false},"author":1,"featured_media":0,"parent":0,"menu_order":0,"comment_status":"closed","ping_status":"closed","template":"","meta":{"footnotes":""},"class_list":["post-78","page","type-page","status-publish","hentry"],"_links":{"self":[{"href":"https:\/\/chambre-hote-lacleuzeraie.com\/index.php\/wp-json\/wp\/v2\/pages\/78","targetHints":{"allow":["GET"]}}],"collection":[{"href":"https:\/\/chambre-hote-lacleuzeraie.com\/index.php\/wp-json\/wp\/v2\/pages"}],"about":[{"href":"https:\/\/chambre-hote-lacleuzeraie.com\/index.php\/wp-json\/wp\/v2\/types\/page"}],"author":[{"embeddable":true,"href":"https:\/\/chambre-hote-lacleuzeraie.com\/index.php\/wp-json\/wp\/v2\/users\/1"}],"replies":[{"embeddable":true,"href":"https:\/\/chambre-hote-lacleuzeraie.com\/index.php\/wp-json\/wp\/v2\/comments?post=78"}],"version-history":[{"count":4,"href":"https:\/\/chambre-hote-lacleuzeraie.com\/index.php\/wp-json\/wp\/v2\/pages\/78\/revisions"}],"predecessor-version":[{"id":97,"href":"https:\/\/chambre-hote-lacleuzeraie.com\/index.php\/wp-json\/wp\/v2\/pages\/78\/revisions\/97"}],"wp:attachment":[{"href":"https:\/\/chambre-hote-lacleuzeraie.com\/index.php\/wp-json\/wp\/v2\/media?parent=78"}],"curies":[{"name":"wp","href":"https:\/\/api.w.org\/{rel}","templated":true}]}}